 - d**2. Let a = 0 - 0. Is 22 a factor of c(a)?
False
Suppose -3*b = 35 - 293. Does 14 divide 1/(2/b) - 3?
False
Let f = 8 + -6. Is 40 + (1 - f) + 1 a multiple of 7?
False
Suppose 2*d = n + 3, 4*d - 5*d = -5*n + 12. Suppose -n*p - 36 = -4*p. Suppose -3*m + p = m. Is 4 a factor of m?
False
Let q = 166 - 79. Let l = -35 + q. Is l a multiple of 17?
False
Suppose -3*f - 34 = -7*g + 2*g, 4*f = -2*g + 24. Suppose -g = -h - 3*h. Suppose 0*s = h*s - 76. Is 11 a factor of s?
False
Suppose -5*z = -3*h - 17, 8 = 3*z - 0*z - 4*h. Suppose a = z*w - 88 + 7, 2*a - 78 = -4*w. Is 10 a factor of w?
True
Let s = 744 - 1350. Let m be (-4)/10 - s/15. Let j = m - 26. Is 9 a factor of j?
False
Suppose 9 = 2*f + 29. Let b = -2 + 4. Does 9 divide ((-45)/f)/(b/4)?
True
Suppose -24 = -3*x + 2*t + t, 0 = -3*x + t + 18. Is 13 a factor of (-1)/x + 528/40?
True
Suppose -u = t - 245, t - 455 = -2*u + 6*t. Does 24 divide u?
True
Let u = 12 + -6. Let a = 34 - u. Is a a multiple of 14?
True
Let h be (-3 + -1)*5/10. Suppose -4*d + 9*d = -85. Let o = h - d. Is 13 a factor of o?
False
Let x(a) = a**3 + 11*a**2 + 13*a. Is x(-9) a multiple of 15?
True
Let n = 10 - 16. Let u(r) = -15*r - 1. Let b be u(n). Suppose 2*g = -g + m + b, -4*m - 86 = -3*g. Is 15 a factor of g?
True
Let u be 10/4*(4 + -2). Let j be 1/5 + 159/u. Suppose -o - j = -5*o. Does 4 divide o?
True
Let p be -1 - 0 - 16/(-2). Let j = -4 + p. Suppose -39 = -5*q + j*s, -2 = 4*q + 4*s - 14. Is q a multiple of 3?
True
Let a(v) = -v**2 + 8*v + 3. Let i be (3 + -2)*(1 - -6). Is a(i) a multiple of 5?
True
Suppose 4*c - 12 = 36. Let a = -36 - -62. Let y = c + a. Is y a multiple of 19?
True
Suppose -110 = -i - 4*i. Suppose 4*d - 90 = i. Does 7 divide d?
True
Suppose -4*v - 8 = -20. Suppose 4*o + v = 11. Suppose 5*m = 2*k + 53 - 7, 2*k = -o*m + 24. Does 6 divide m?
False
Let c = 87 + -73. Is 8 a factor of c?
False
Suppose 3*f - 1 = 8. Let v = -135 + 202. Suppose 4*t + 5*u = 28 + 51, 2*t = f*u + v. Is 12 a factor of t?
False
Suppose 0 = 3*q + 4*q - 1995. Is q a multiple of 19?
True
Let s = -2 - -7. Suppose -93 = -s*l + 22. Is 23 a factor of l?
True
Suppose 0 = -3*y + y - 6. Let a = 13 + y. Is a a multiple of 8?
False
Suppose -3*o - 13 = -i, -4*o + 6 - 18 = 0. Suppose c - 3*s = 100, -3*c = i*s + s - 258. Is 33 a factor of c?
False
Let x = 173 - 123. Is x a multiple of 25?
True
Let k(v) be the first derivative of 1 - 1/4*v**4 - 6*v - 11/2*v**2 - 11/3*v**3. Does 3 divide k(-10)?
False
Let p(s) = 11*s + 4. Let l be p(4). Let d be ((-7)/(-14))/(2/l). Suppose 3*i - 5*z = -d + 31, 3*z + 40 = 4*i. Is i a multiple of 13?
True
Let x = 2 - 3. Is (x - 2)/((-21)/511) a multiple of 19?
False
Let y = 5 + 4. Suppose -3*i - u = -11 - y, -40 = -4*i - 4*u. Does 4 divide i?
False
Let u = -1 + 6. Suppose u = -2*z + 61. Is z a multiple of 11?
False
Let v(b) be the second derivative of -b**5/20 - b**4/2 + 4*b**2 - 3*b. Is v(-6) a multiple of 5?
False
Let a be (1/(1/(-1)))/(-1). Let r = 7 - a. Does 3 divide r?
True
Let g be -1 + 3 - (4 - 5). Suppose 36 = -x + g*x. Does 6 divide x?
True
Suppose 4 = 3*d - 32. Does 10 divide 1 - 1 - -2*d?
False
Suppose 0 = 2*c + c. Suppose 3*r - 38 - 49 = c. Does 7 divide r?
False
Let d = 5 + -3. Suppose 4*m = d*s + 82, m = 2*s - 0*s + 22. Is 10 a factor of m?
True
Let y = 31 - 46. Is 8 a factor of (-237)/y - 1/(-5)?
True
Let n = -35 + 69. Is n a multiple of 20?
False
Let w(q) = 11*q**3 + q**2 + q. Let t be w(2). Suppose 0 = -4*h + h + 5*k + t, 0 = -4*h + 4*k + 136. Does 23 divide h?
False
Let b = -5 + 3. Is 19 a factor of 56 + (4/(-2) - b)?
False
Suppose -2*r + 4 = -0*r. Let n(o) = o + 7. Let c be n(-9). Is -2 + c + 26 + r a multiple of 7?
False
Let z = 5 - 0. Suppose 5*w - 51 - 14 = -z*p, p - 4 = -4*w. Let n = p + -7. Does 3 divide n?
True
Is 14 a factor of 0 + (6 + 1)*2?
True
Let i(n) = -n**2 + 2*n + 1. Suppose m + 5 = 2, 24 = 5*k - 3*m. Let f be i(k). Is (-19*1)/(f/4) a multiple of 19?
True
Let d(c) = -8*c**2 - 2*c - 1. Let w be d(-1). Let o be (-3 - w)*2/(-4). Let a(u) = -3*u**3 + 4*u**2 + 4*u + 2. Does 23 divide a(o)?
False
Does 23 divide 18*4 + -1 + -3?
False
Let l = 19 - 8. Does 5 divide l?
False
Let k = 1 - 1. Suppose k = w - 3*w + 40. Does 5 divide w?
True
Suppose 5*i + 4*l + l - 90 = 0, 0 = -i - 4*l + 24. Suppose z - x = 18 - 2, 0 = 2*z + 2*x - i. Is 12 a factor of z?
True
Suppose -4*b + 13 = -w, 2*b + 3*w = 6*b - 7. Suppose s - 228 = -4*y, b*y - 80 - 148 = 2*s. Is 16 a factor of y?
False
Let h(d) = d**3 - 2*d**2 - 3*d + 3. Let g be h(3). Suppose 35 = g*k - 13. Does 8 divide k?
True
Let f(q) = 69*q**3 - 2*q**2 - q + 1. Let z be f(1). Suppose -3*m - 93 = -2*n, -m - 3*n = 2*m + 93. Let a = z + m. Is a a multiple of 18?
True
Let v(q) = 8*q**2 + 2*q. Does 7 divide v(-3)?
False
Suppose 0 = d - x - 14 - 7, 2*d - x = 39. Is 3 a factor of d?
True
Let j be 4 + (1 + -2 - 1). Suppose j*f - 9 = -f. Let i(v) = 14*v + 4. Does 23 divide i(f)?
True
Let b = 6 + -3. Suppose 2*t - 3*t + 2 = 0. Suppose -3*l - t*u + 103 = -b, -3*l + 5*u + 71 = 0. Is l a multiple of 16?
True
Let k = -77 + 31. Let h = k + 65. Is h a multiple of 13?
False
Let d(y) = -57*y - 20. Is 21 a factor of d(-2)?
False
Suppose -2*z + 169 = -5*o + 2*o, -5*z = -4*o - 419. Is z a multiple of 13?
False
Let f = -34 - -88. Is f a multiple of 6?
True
Let w be 33 + 2/(2/(-3)). Suppose 22 = 2*z - w. Does 13 divide z?
True
Let l(j) = j**3 + 4*j**2 - 2*j - 3. Let u be l(-4). Suppose -3*i + 4*g = -8*i + 74, g = -u*i + 86. Does 9 divide i?
True
Let s = 7 + 36. Does 5 divide s?
False
Let z(g) = 0*g**2 + 4*g**3 - 7*g**2 - g + 6*g**2 - 1 + 3. Does 5 divide z(2)?
False
Let j = 68 + 4. Is j a multiple of 18?
True
Suppose 0 = 2*t + 4*m - 172, 128 = 2*t + m - 50. Does 6 divide t?
True
Let x = -48 - -42. Let l(i) be the first derivative of i**4/4 + 2*i**3 - i**2/2 - 2*i - 1. Does 4 divide l(x)?
True
Let d(c) = c - 3. Let v(b) = b - 2. Let u(m) = 4*d(m) - 3*v(m). Let s be u(6). Suppose s = 5*z + g - 153 - 49, 110 = 3*z - 5*g. Does 20 divide z?
True
Let w be (0 + 4)/(-2) - -30. Let y = 50 - w. Does 9 divide y?
False
Let j = -26 - -47. Suppose -26 = -4*l + 2. Is 309/j - (-2)/l a multiple of 15?
True
Let j(m) = 24*m**2 + 7*m - 3. Does 19 divide j(3)?
False
Let i(p) = p**3 - 3*p**2 - 6*p + 9. Let g be i(6). Suppose 0 = -2*d + g + 23. Does 27 divide d?
False
Suppose -c + 3*c = 2. Let n(o) = -o + 3. Let p be n(4). Is 10 a factor of 36/2 + (c - p)?
True
Is 6 a factor of -10*(36/(-15) + 0)?
True
Suppose 12*m - 17*m = -510. Does 13 divide m?
False
Let f be ((-8)/(-6))/(1/3). Suppose 13 + 3 = f*r. Suppose -9 = -3*t - x, -16 = -4*t - 4*x + r. Is t even?
True
Let v be 1/1 + (-6 - -10). Suppose v*j + 2 = -13. Is 16 a factor of (150/j)/((-4)/2)?
False
Let q(o) = o**2 + 17*o + 24. Is q(-16) even?
True
Let m(g) be the second derivative of -g**5/20 + g**4/2 + g**3/3 + g**2 - 6*g. Does 6 divide m(6)?
False
Suppose 5*p + 0*s + 3*s = 180, -5*p = -5*s - 140. Is p a multiple of 11?
True
Let y = 59 + -9. Is y a multiple of 25?
True
Suppose -5*z = -0*z. Let q = 0 + z. Suppose 0 = 3*s + 5*n - 46, s = -n - q + 18. Is 20 a factor of s?
False
Let z = -113 + 159. Is z a multiple of 10?
False
Let p(l) = -19*l - 4. Let d(k) = -456*k - 95. Let b = 10 + -14. Let f(c) = b*d(c) + 95*p(c). Is f(2) a multiple of 13?
False
Suppose -12 - 180 = -2*b. Suppose 3*c = -c + b. Is c a multiple of 24?
True
Let k(c) = c**3 - 5*c**2 - 2*c - 5. Let l be k(5). Let x = l - -30. Is x a multiple of 8?
False
Let h(z) = -z**2 + 16*z - 7. Let u = -28 - -42. Does 7 divide h(u)?
True
Let n(s) = 14*s**2 - 2*s - 3. Let c = 9 + -11. Does 19 divide n(c)?
True
Let l(q) = 5*q**2 - 6*q - 6. Let j(a) = a + 1. Let v(i) = 6*j(i) + l(i). Is 8 a factor of v(2)?
False
Let p(k) = 6*k**3 - 11*k**2 - 2*k - 2. Does 6 divide p(4)?
True
Let z be (2 - (-2 + 4))*1. Suppose 0 = -2*w - 3*w + 20. Suppose -3*k + 9 = -2*p, 26 = w*k + 2*p - z*p. Is 4 a factor of k?
False
Let p(z) = z - 1. Let b be p(4). Suppose 5*x - 108 = -b. Suppose 0 = -3*i + x. Is i a multiple of 7?
True
Let n = -8 + 20. Let m = n + 14. Is 12 a factor of m?
False
Let i be (-8)/6*63/2. Is i/(-4)*(-24)/(-14) a multiple of 15?
False
Suppose -14 + 124 = -5*o. Let z = 53 + o. Does 9 divide z?
False
Suppose 3*d - 3*z = -90, -50 - 13 = 2*d - 5*z. Let t = d - -48. Does 8 divide t?
False
Suppose -k - 10